) = 3*g - 10. Let c be m(-9). Let u = c + 97. Suppose 4*v = -v - 3*a + 68, -u = -5*v + 5*a. What are the prime factors of v?
13
Let g = -24 + 24. Let v = g + 14. List the prime factors of v.
2, 7
What are the prime factors of 0/(-2) + 19 + 1 + -4?
2
Let s = 62 - -59. List the prime factors of s.
11
Let m be (-15)/10 - 22/(-4). Suppose g = 4*q - m, 5*q - 7 = 3. Suppose -3*d = -i - 2*i - 18, -2*d = g*i - 42. List the prime factors of d.
11
Suppose 112 - 287 = -5*q. List the prime factors of q.
5, 7
List the prime factors of -1 + 1 + (0 - -113) + 7.
2, 3, 5
Suppose 3*y + 1 - 7 = 0. Let c be 0/(-2 + 1 + y). Suppose 5*s = -2*q + 10, 2*s + 2*q + q - 4 = c. List the prime factors of s.
2
Let k(x) = -x**2 + 8*x - 7. Let r be (-464)/(-80) - 1/(-5). What are the prime factors of k(r)?
5
Suppose m + 3*h - 19 = 0, h + 11 = -m + 4*h. Suppose 2*s - 28 = -0*s - 4*r, r + 38 = m*s. What are the prime factors of s?
2, 5
Suppose 2*l = l. Let q = l + 2. What are the prime factors of q?
2
Let o be 3/(-12) + 105/20. Suppose 2*t = o*h - 123, h - 3*h = 5*t - 26. What are the prime factors of h?
23
Let j = 7 + 6. Let h = j - 4. List the prime factors of h.
3
Suppose 15 = 4*i + 3. Suppose -4*b - 158 = -i*j, -5*b - 5*j - 119 = 61. Let d = -27 - b. List the prime factors of d.
11
Suppose 229 + 47 = 4*a. What are the prime factors of a?
3, 23
Let c be (-2)/(-6) - (-82)/6. Let r be (-9)/7 - (-4)/c. Let g = 7 + r. What are the prime factors of g?
2, 3
Suppose -4*n + 3*n = -z - 3, 3*z + n + 17 = 0. What are the prime factors of 3/(4/z - -1)?
3, 5
Let s = 4 - 3. Let a(w) = -2*w. Let l be a(s). List the prime factors of (-1)/l - 23/(-2).
2, 3
Let v be 3/((-2)/20*-2). Suppose 4*j + 8 = 5*o, j = -2*o - o + v. What are the prime factors of 1 - o - (-95)/5?
2
Suppose 4*r - 6*t - 12 = -2*t, 4*r + 3*t = -16. What are the prime factors of (-12)/r*9/6?
2, 3
Let a = 3 + -1. Let k = 3 + -2. Suppose -a = -b + k. What are the prime factors of b?
3
Let a = -3 + 5. Suppose 2*j - 20 = -4*f, j - 30 + 12 = -4*f. Suppose j*d + a*d - 36 = 0. What are the prime factors of d?
3
Let d(l) = 3*l**2 + 0*l - 2*l - 6*l**2 - 1 + l**3 + 4*l. List the prime factors of d(3).
5
Suppose b + 2*b = 51. Suppose 0 = 2*p - 5*p + 33. Let n = b - p. List the prime factors of n.
2, 3
Let b be (-1364)/6 + (-2)/3. Let g be 2/8 + b/16. What are the prime factors of (g/6)/(3/(-9))?
7
Suppose -s + 2 = -21. What are the prime factors of s?
23
Let r(w) = w**2 + w + 1. Let o be r(-2). Suppose 5*n - o - 27 = 0. Suppose -p + n = -4. What are the prime factors of p?
2, 5
Let m be 0 - 3/(6/92). Let n = -22 - m. Suppose 2*t - n = -2. List the prime factors of t.
11
Suppose -11*z + 2 = -10*z. Suppose -z*k - 109 = -5*c - 0*c, 0 = -k - 2. What are the prime factors of c?
3, 7
Suppose 0*g + 4*g = 3*y - 16, -17 = -3*y + 5*g. Suppose 3*c - b - 64 = -0, -y*c - 3*b + 81 = 0. List the prime factors of c.
3, 7
Suppose -2*h + t = -55, -4*h + 2*t + 106 = 4*t. Suppose -5*p = 3*a - 39, -2*a - 3*p = -3*a + h. Suppose -2*l + a = -0*l. What are the prime factors of l?
3
Let z(l) = -l**2 + 13*l - 1. Let d be z(6). Suppose d = 4*a + 5*p, -5*a + 7 = -3*p + 2. What are the prime factors of a?
2
Let y(i) = 7*i + 4. What are the prime factors of y(3)?
5
List the prime factors of 30/(-7)*(2 - 9).
2, 3, 5
Suppose -4*m - 5 + 13 = 0. Suppose x = m*x - 4. What are the prime factors of x?
2
Let p(z) = z**3 - 11*z**2 + 13*z - 11. What are the prime factors of p(12)?
17
Let f be ((-2 + 2)*1)/2. Suppose -4*p + 2*p + 6 = f. Let u = 6 - p. What are the prime factors of u?
3
Suppose -3*p - 2*p = -20. Suppose 0 = p*w - 5*c - 31, -2*w + 0*w - 4*c = 4. List the prime factors of w.
2
Let x(i) = 99*i**3 - 2*i**2 + i + 1. List the prime factors of x(1).
3, 11
Let z = 10 + -6. Suppose 20 = -2*s + z*s + i, -32 = -3*s - 2*i. What are the prime factors of s?
2
Let n be 6/(-2 - 0) - -2. Suppose -5*c + 22 = 2*k - 26, -4*c + 3*k + 43 = 0. What are the prime factors of (c/(-2))/(0 + n)?
5
Let v(a) = 19*a**2 + 2*a - 2. What are the prime factors of v(1)?
19
Suppose -102 = -b - 6*o + o, -3*o - 9 = 0. What are the prime factors of b?
3, 13
Let r(j) = 2*j**2 - 12*j - 21. List the prime factors of r(10).
59
Suppose -5*r - 65 = -2*q, -3*q + 92 = -q + 4*r. Suppose 4*h + 79 = 2*u + 3*u, -3*u = 5*h - q. List the prime factors of u.
3, 5
Suppose -3*h = 4*h - 287. What are the prime factors of h?
41
Let l = 148 - 238. Let i = l + 143. What are the prime factors of i?
53
Suppose 4*w + 48 = 6*w. What are the prime factors of w?
2, 3
Let m(f) = -f**2 + 11*f + 7. Let d = 11 + -6. Suppose 23 = 2*o - y, -d*o = -2*o - y - 34. List the prime factors of m(o).
7
Suppose 2*j + 3*j - 25 = 0. Suppose -110 = -j*d - 3*h, -4*h - 31 = -2*d + 13. List the prime factors of d.
2, 11
Suppose 0*g = 4*g - 8. Suppose 0 = 4*q - g - 10. What are the prime factors of q?
3
Suppose -3*f = 31 - 115. What are the prime factors of f?
2, 7
Suppose -4*w + 23 = -25. Let n = 18 - w. List the prime factors of n.
2, 3
Suppose 16*x - 8 = 12*x. What are the prime factors of x?
2
Let m be (1/2)/(1/6). Suppose -3*a - 2*a = -5. Let b = m + a. List the prime factors of b.
2
Let o = 183 - 103. What are the prime factors of o?
2, 5
Let y be (-39)/(-9) + 2/3. Suppose d + 3*i = 0, y*d + 3*i = -0*i. Suppose 0 = -d*g + 5*g - 55. What are the prime factors of g?
11
Let y(v) = -v**3 - 3*v**2 - 4*v - 3. Let w be y(-2). Let d = -14 - -15. Let i = w + d. What are the prime factors of i?
2
Let m = 5 - 2. Suppose 0 = 5*n + m*s + 115, 2*n - 3*s = 9 - 55. Let j = -13 - n. List the prime factors of j.
2, 5
Let z be (-2)/(-11) - 124/(-44). List the prime factors of (-19)/(z + -1 - 3).
19
Suppose -5*c + 4*g = -66, -5*c + 0*g = 5*g - 30. Let k = 41 - c. List the prime factors of k.
31
Suppose -4*j + 13 + 11 = 4*f, -5*f - 3*j + 34 = 0. List the prime factors of f.
2
Let n be 2/(-4) - 91/(-14). Let c be 14/n - 6/(-9). Suppose -8 = -c*k + 4. What are the prime factors of k?
2
Let i(x) = -x**3 - 3*x**2 - x - 1. Let q = -11 - -20. Let g = 6 - q. List the prime factors of i(g).
2
Let d(z) = -2*z. Let j be d(-4). Suppose 2 + j = a. List the prime factors of a.
2, 5
Let u(y) = -y**2 + y + 25. What are the prime factors of u(0)?
5
Suppose -3*n = -5*v - 101, 2*v + 6 = -4*n - 50. Let x = -7 - v. List the prime factors of x.
3, 5
Let t(c) = -c + 8. Let h be t(2). Let j(g) be the second derivative of g**4/12 - 5*g**3/6 - 3*g**2/2 + g. What are the prime factors of j(h)?
3
Let x = 6 + -4. Suppose -5*l + 13 + x = 0. Suppose u - 4*k + l = 0, u = 4*u - k - 35. List the prime factors of u.
13
Let z be 1/5 - (-3)/(-15). Suppose z = -2*s - k + 21, 3*k - 36 = -3*s. What are the prime factors of s?
3
Let g = -32 + 50. What are the prime factors of g?
2, 3
Let b = -49 - -118. List the prime factors of b.
3, 23
Let s(l) = l**3 + 4*l**2 - 5*l - 6. Let d be s(-6). Let h = -24 - d. List the prime factors of h.
2, 3
Let c(f) = -2*f**2 + 6*f - 1. Let d(b) = -2*b**2 + 7*b - 1. Let z(y) = -7*c(y) + 6*d(y). Suppose 0 = -2*x + 2 + 4. List the prime factors of z(x).
19
Let b(j) = -j**3 + 4*j**2 - j - 3. Let i be b(3). Suppose y - 2*f = -0*y + i, 4*f - 9 = -y. Suppose y*u = u + 40. List the prime factors of u.
2, 5
Let b be 2*(0 - 2)/(-4). Suppose 0 = -2*j + 29 - 3. Let t = j - b. What are the prime factors of t?
2, 3
Let i(h) = -h**2 - 5*h. Suppose 5 = -3*n - 10. Let v be i(n). Suppose -4*b + o = -v*b - 9, -2*b - 3 = -3*o. List the prime factors of b.
3
Suppose 11*g - 308 = -0*g. What are the prime factors of g?
2, 7
Let x(k) = -k**3 + 3*k**2 - 4*k + 3. Let n be x(3). Let p be -1*(n + (2 - 2)). Let q(y) = -y**3 + 9*y**2 + 7. What are the prime factors of q(p)?
7
Let z(b) = -2*b**3 + 5*b**2 + 2*b + 4. Let v be z(4). List the prime factors of ((-3)/(-6))/((-3)/v).
2, 3
Let b be 8 - (-2 - (-2)/1). Let k = -3 + b. Suppose 2*i - y + 2 = 20, -k*i + 47 = -2*y. What are the prime factors of i?
11
What are the prime factors of ((-14)/4)/((-5)/(82 + -2))?
2, 7
Let p(r) = r**2 + 3. Let d be p(-3). Let n = 7 - d. List the prime factors of 0/1 + n/(-1).
5
Suppose 3*i + 0*p = -2*p, i = -3*p. Suppose i = 3*z + w - 76, -4*w - w = 5*z - 130. What are the prime factors of z?
5
Let p = -32 - -66. List the prime factors of p.
2, 17
Let j(c) = c**3 + 0*c**2 - c**2 - 3*c**2 - 4*c - 2. Suppose 0 = -0*